 - 3*b + 1 + 0. Let l be -3*(99/108 - 1/4). Calculate p(l).
3
Let o(f) be the first derivative of 2*f**3/3 - f**2 - 4*f - 101. Give o(3).
8
Suppose -6*s = 1 - 19. Let i(l) = -3*l + s + l + 41*l**2 - 40*l**2 + l. Give i(-3).
15
Let l(f) be the first derivative of f**5/20 - 7*f**4/12 + 4*f**3/3 - 5*f**2/2 + 20*f + 33. Let z(o) be the first derivative of l(o). Determine z(6).
7
Let b(s) = s + 3. Let o(h) = 3*h - 7. Let j be o(6). Suppose -27 = 5*v + 13. Let t = j + v. Calculate b(t).
6
Let h(z) = -2*z**3 - 19*z**2 - 17*z + 8. Let c = 66 + -77. Let x(s) = -s**3 - 10*s**2 - 9*s + 4. Let w(f) = c*x(f) + 6*h(f). What is w(-3)?
4
Let i(p) be the second derivative of -p**4/12 - 3*p**3/2 - p**2 + 3*p - 77. What is i(-9)?
-2
Suppose 25 = -2*c - 3*i, -4*i - 5 = -55*c + 52*c. Let j(g) = 15*g + 73. Calculate j(c).
-2
Let t(h) = -2*h**3 + 15*h**2 + 8*h - 10. Let b(w) = 6*w**3 + 74*w**2 + 21*w - 28. Let n be b(-12). Give t(n).
-10
Let h be 760/4 + (6 - 7). Let y(g) = h*g - 95*g - 93*g + 7. Let c be 0 - (8 + (-1)/1). What is y(c)?
0
Let n(c) = -c**2 - 3*c + 2. Suppose -3*a + 35 = -1. Suppose j + a = -2*j. Give n(j).
-2
Let b be 14/(-2 - -4)*4. Suppose l + 4*l - b = k, k - 8 = -l. Let p(i) = -i**2 + 6*i - 9. Determine p(l).
-9
Let o = 19 + -16. Let h(m) = 1 + 13*m**3 - 6*m**2 - 26*m**3 - 3*m + 2*m**2 + 12*m**o. Calculate h(-4).
13
Let d = 18 - 40. Let y be 3 + (-217)/(-77) - 4/d. Let t(o) = -2*o + 2. Determine t(y).
-10
Let z be 23/(-7) - (-9)/(315/10). Let q(j) = -j - 6. Calculate q(z).
-3
Let v be (-17)/2*(-1)/(4/56). Let l = v - 120. Let x(i) = 4*i + 1. What is x(l)?
-3
Let c(j) be the third derivative of -j**5/60 + j**4/24 - j**3/3 - 70*j**2 - 2*j. What is c(-2)?
-8
Let x(k) = k**2 + k - 3. Let b(a) = a**2 + 11*a + 34. Let v be b(-5). What is x(v)?
17
Let m(l) = -l**2 + 2*l + 1. Let t = 161 + -163. Give m(t).
-7
Let r(v) be the third derivative of v**4/12 - v**3/2 + 2*v**2 + 11*v. Let s be 20/(-1)*(-6)/15. Determine r(s).
13
Let f = -32 + 34. Suppose -f*c + c - 10 = 0. Let x(t) = t**3 + 10*t**2 - t - 13. Calculate x(c).
-3
Let q = 391 + -394. Let i(f) be the third derivative of -2*f**2 + 0*f - 1/120*f**6 - 5/24*f**4 - 1/12*f**5 + 0 - 1/2*f**3. What is i(q)?
-6
Suppose n + 2*y - 9 = 0, 3*n + 2*y - 4*y = -5. Let k(r) = -r**2 + 2*r + 1. Let w(s) = -5*s**2 + 4*s + 4. Let h(i) = -3*k(i) + w(i). Give h(n).
-3
Let p(u) = 53*u + 1. Let x(l) = 32*l. Let h(g) = -3*p(g) + 5*x(g). Determine h(0).
-3
Let i be 30/(-9)*(0 - -3) + 3. Let m(c) = c**3 + 6*c**2 - 8*c + 4. Calculate m(i).
11
Let c(f) be the first derivative of -4*f**4 - 2*f**3/3 - f**2/2 - 279. Calculate c(-1).
15
Let o(q) = 4 - 3 + 0*q + q. Let a = -51 + 30. Let d = 22 + a. Give o(d).
2
Suppose -5*z + 72 = -z. Let m(g) = -g - z - 43*g**2 + 21*g**2 + 21*g**2. Determine m(0).
-18
Let p be (-9)/(-2)*(-80)/30. Let o be (-14)/(-6) - p/18. Let i(x) be the first derivative of x**3/3 - x**2 + 3*x + 2. What is i(o)?
6
Let o(z) be the third derivative of -z**5/60 + z**4/24 + z**3/6 + 2*z**2. Let b be 12*((-1)/(-2) + 57/(-18)). Let y = -32 - b. Determine o(y).
1
Let m(h) = 2*h**2 + 14*h + 5. Let x be m(-6). Let c(n) = n**3 + 6*n**2 - 8*n + 5. What is c(x)?
12
Let l(k) be the first derivative of 0*k**2 - 3*k + 1/4*k**4 - 1 + 2/3*k**3. Calculate l(-3).
-12
Let k(w) be the second derivative of -1/2*w**2 + 0 - 4/3*w**3 + 1/12*w**4 + 15*w. What is k(8)?
-1
Let r(i) = i**2 + 16*i + 18. Suppose 0 = -32*k - 31*k - 756. Calculate r(k).
-30
Let h(b) = -8*b + 3 + 0*b**2 + 7 + b**2. Let g be h(7). Let w(u) be the second derivative of u**3/3 + 2*u**2 - 3627*u. What is w(g)?
10
Let x(y) be the third derivative of -y**6/120 - y**5/12 - y**4/6 - y**3/3 - 146*y**2. Give x(-2).
-6
Let d(y) = -y. Let a(x) = x**2 + 7*x + 6. Let w(n) = a(n) + 4*d(n). Calculate w(-5).
16
Let j(l) be the third derivative of l**5/60 - l**4/6 - 226*l**2 - l. Let q(k) = k**2 - 6*k + 7. Let v be q(5). Suppose a + v - 5 = 0. What is j(a)?
-3
Let g(f) = -f**3 - 4*f**2 + 3*f - 5. Let l = -9 + 8. Let v be ((-6)/l)/((-9)/(-6)). Suppose 0*u - 20 = v*u. Calculate g(u).
5
Let q(l) = -6*l - 5*l**3 - 7*l**2 + 4*l**3 - 83 + 89. Calculate q(-6).
6
Suppose -755 = 8*w - 803. Let c(t) = t**2 - 8*t + 8. Determine c(w).
-4
Let y = 135 + -137. Let t(a) be the third derivative of -a**4/8 - a**3/3 + 2*a**2. Give t(y).
4
Let r(z) = -52 + 2*z**2 + 25 + 33 - 4*z**2 - z. Give r(-5).
-39
Let l(m) = m**2 - 13. Let g be l(-7). Let x be 2/(-12) - (-3)/(g/(-106)). Let k(c) = c**3 + 8*c**2 - 10*c - 7. What is k(x)?
2
Suppose -3*y = 4*i + 16, -4*y = i + 2 + 2. Let a be (5 - 4) + y + 4. Let x(p) = -1 - p + a*p**3 - p - 4*p**3. What is x(2)?
3
Let w(p) be the second derivative of p**4/12 - 5*p**3/2 - 10*p**2 - 3*p. Let v be w(16). Let u(x) = -2*x. What is u(v)?
8
Let f(t) be the second derivative of t**5/20 - t**4/2 + t**3/3 - 5*t**2/2 + 32*t. What is f(6)?
7
Suppose 3*y - 4 = -b - 8, 5*b = -5*y - 20. Let l(s) = 19*s + 3. Let c(m) = -16*m - 2. Let z(p) = -6*c(p) - 5*l(p). What is z(y)?
-3
Let s(o) = 14*o + 17 - 2*o + 120*o**2 + 111*o**2 - 232*o**2. What is s(13)?
4
Let t(x) be the second derivative of -3/2*x**2 + 0 - 5/6*x**3 + 11*x - 1/6*x**4. Give t(-3).
-6
Let g = 163 + -161. Let b(q) = 5*q**g + 477*q**3 - 239*q**3 - 237*q**3 - 4. Give b(-5).
-4
Let c(i) be the first derivative of -1 + i - 3/2*i**2. Suppose -37 = 5*f - 42. Calculate c(f).
-2
Let l(g) = -g**3 - 14*g**2 - 7. Let r(h) = h**3 + 14*h**2 + 29*h - 58. Let u be r(-11). Determine l(u).
-7
Suppose -9 = -2*v + 1. Suppose -29 - 27 = -4*c. Let u(y) = 2*y - c*y + 0*y + 1 + 9*y. Give u(v).
-14
Let a(t) = -3*t**3 + 1. Let f(x) = 24*x - 169. Let i be f(7). Calculate a(i).
4
Let t(c) = -6 + c + 14 - 8 + 22*c**2. What is t(-1)?
21
Let p(u) be the second derivative of u**5/24 + u**4/24 + 2*u**3/3 - 13*u. Let b(o) be the second derivative of p(o). Calculate b(-1).
-4
Let u be -6 + (1 - (-11 + 6)). Let a(d) = 0*d**3 - 8 - d**3 + 0*d**3 + d. Give a(u).
-8
Let i(m) = -m**2 + 3*m**2 + 0*m**2 - m**2 + 4*m. Suppose 2*a + 4 = l + 2*l, 4*a = -5*l - 30. What is i(a)?
5
Let b be 2*(-9)/24 - (-31)/4. Let k(f) = b*f**2 - 5*f**2 + f + 0*f + 1 - 5. Give k(4).
32
Let t be (4 - 2)/(1*2). Let z(i) = 2*i + 92*i**2 + 76*i**2 + 4*i**3 - 5*i**3 - 1 - 168*i**2. Calculate z(t).
0
Suppose -6*m + 3 = -3*m. Let l(h) = 2*h**3 + 2*h**2 - 1. Let v be l(m). Let y(b) = 4*b + 8. Let u(x) = 7*x + 16. Let j(p) = v*u(p) - 5*y(p). What is j(0)?
8
Let y(o) = 72*o + 284. Let p be y(-4). Let v(c) = 2*c**2 - 4*c + 3. Give v(p).
51
Let w(y) = 3*y - 39. Let t be w(13). Let m(s) = 1 - 2 - 36*s + t + 37*s. Calculate m(-7).
-8
Suppose 5*i = 2*x + 30, -2*x - 2*i = -6*x - 28. Let q be (x/(-6))/((-4)/(-24)). Let w(m) = 4*m + 0*m + m**2 - 4*m - 1 - q*m. What is w(4)?
-5
Let i(n) = -n - 5. Let z be i(-6). Let g = z - 0. Let a(f) = -10*f + 13*f + 10*f**2 - 1 - f. What is a(g)?
11
Let u(i) = 19*i + 38. Let g be u(-2). Let x(w) be the third derivative of 0*w + g + 1/24*w**4 - 1/3*w**3 + w**2. What is x(5)?
3
Let c(w) = w**2 + 35*w + 103. Let f be c(-32). Let m(n) = -3*n + 9. Give m(f).
-12
Let l(n) = -n**2 + 21*n + 25. Suppose -301 = -16*c + 51. What is l(c)?
3
Let d(m) be the second derivative of -1 + 1 + 21*m + 18*m**3 - 20*m**3. Calculate d(-1).
12
Suppose 0 = -d - 3 + 6. Let c(f) = -4*f**2 + 11*f + 2. Let s(q) = 3*q**2 - 9*q. Let v(a) = 2*c(a) + 3*s(a). Calculate v(d).
-2
Let m(y) = -5*y - 14. Let a(x) = 3. Let w(f) = -6*a(f) + m(f). Give w(-6).
-2
Let x = -1204 - -1204. Let p(g) = -3*g**2 - g + 17. Calculate p(x).
17
Let b(l) = 3*l. Suppose 4*w + 1 = -3*f + 6*f, 2*f - 4*w + 2 = 0. Determine b(f).
9
Let z(l) = l**2 + 8*l + 10. Let s be z(-7). Let w be (-1)/((s + 0)/(-9)). Let x(t) = 3*t + 1. Give x(w).
10
Let k(g) = g**2 + 2*g + 3. Let m(n) = -3*n**2 - 7*n - 8. Let c(d) = -7*k(d) - 2*m(d). Let t = 92 - 92. Calculate c(t).
-5
Let t be (-2)/4*(1 + 2 + 31). Let z = -12 - t. Let d(o) = o**3 - 4*o**2 - 2*o - 5. Calculate d(z).
10
Let d = -3 + -8. Let n be d/(-5) - 1/5. Suppose 4*t = -2*p - t - 1, -n*t = -2*p - 8. Let r(j) = -j**3 - 5*j**2 - 3*j + 1. Determine r(p).
-8
Let h be ((-8)/(-6))/((-4)/(-132)). Let r be (h/6)/(8/12). Suppose -3*l + 4*g = 3, 3*g - 2 = -r. Let f(n) = -n**2 - 4*n - 6. Determine f(l).
-11
Let j(f) = f**2. Let h(c) = 7*c**2 - 3*c - 5. Let t(o) = h(o) - 6*j(o). Suppose -2*w 